{"id":109,"date":"2011-06-22T13:52:20","date_gmt":"2011-06-22T13:52:20","guid":{"rendered":"http:\/\/www.lmcharon.cz\/?page_id=109"},"modified":"2023-11-23T13:04:04","modified_gmt":"2023-11-23T12:04:04","slug":"osoby-kontakt","status":"publish","type":"page","link":"http:\/\/lmcharon.cz\/?page_id=109","title":{"rendered":"osoby"},"content":{"rendered":"<p><strong><span style=\"font-size: x-large;\">\u00a0<\/span><\/strong><\/p>\n<p><strong><em><span style=\"font-size: large; color: #800000;\">\u00a0 \u00a0 \u00a0<span style=\"text-decoration: underline;\">jednatelka<\/span><\/span><\/em><\/strong><span style=\"font-size: x-large; color: #0000ff;\"><strong>\u00a0\u00a0\u00a0\u00a0<\/strong><\/span><\/p>\n<p><span style=\"font-size: x-large; color: #0000ff;\"><strong><a href=\"http:\/\/www.lmcharon.eu\/wp-content\/uploads\/2011\/06\/Lenka-321.jpg\"><img loading=\"lazy\" decoding=\"async\" class=\"alignnone size-medium wp-image-276\" title=\"Lenka-32\" src=\"http:\/\/www.lmcharon.eu\/wp-content\/uploads\/2011\/06\/Lenka-321-225x300.jpg\" alt=\"\" width=\"225\" height=\"300\" \/><\/a>\u00a0<\/strong><\/span><\/p>\n<p><strong>Ing. Lenka Vlkov\u00e1<\/strong><\/p>\n<p>mobil : 607192345<\/p>\n<p>e-mail : kancelar@lmcharon.cz<br \/>\ne-mail : kancelar@lmcharon.eu<br \/>\ne-mail : lenka.vlkova@lmcharon.cz<br \/>\ne-mail : lenka.vlkova@lmcharon.eu<\/p>\n<p><a href=\"http:\/\/lmcharon.cz\/wp-content\/uploads\/2023\/11\/Lenka_QR.png\"><img loading=\"lazy\" decoding=\"async\" class=\"alignnone size-medium wp-image-1217\" src=\"http:\/\/lmcharon.cz\/wp-content\/uploads\/2023\/11\/Lenka_QR-300x300.png\" alt=\"\" width=\"300\" height=\"300\" srcset=\"http:\/\/lmcharon.cz\/wp-content\/uploads\/2023\/11\/Lenka_QR-300x300.png 300w, http:\/\/lmcharon.cz\/wp-content\/uploads\/2023\/11\/Lenka_QR-1024x1024.png 1024w, http:\/\/lmcharon.cz\/wp-content\/uploads\/2023\/11\/Lenka_QR-150x150.png 150w, http:\/\/lmcharon.cz\/wp-content\/uploads\/2023\/11\/Lenka_QR-768x768.png 768w, http:\/\/lmcharon.cz\/wp-content\/uploads\/2023\/11\/Lenka_QR-1536x1536.png 1536w, http:\/\/lmcharon.cz\/wp-content\/uploads\/2023\/11\/Lenka_QR.png 1958w\" sizes=\"auto, (max-width: 300px) 100vw, 300px\" \/><\/a><\/p>\n<p>&nbsp;<\/p>\n<p><strong><span style=\"font-size: large; color: #800000;\"><em>\u00a0<\/em><\/span><span style=\"text-decoration: underline;\"><span style=\"font-size: large; color: #800000; text-decoration: underline;\"><em>dal\u0161\u00ed kontakt<\/em><\/span><\/span><\/strong><\/p>\n<p><strong><span style=\"font-size: large; color: #0000ff; font-family: Tahoma;\"><a href=\"http:\/\/www.lmcharon.eu\/wp-content\/uploads\/2011\/06\/Mirek_02.06.20121.jpg\"><img loading=\"lazy\" decoding=\"async\" class=\"alignnone size-medium wp-image-275\" title=\"Mirek_02.06.2012\" src=\"http:\/\/www.lmcharon.eu\/wp-content\/uploads\/2011\/06\/Mirek_02.06.20121-225x300.jpg\" alt=\"\" width=\"225\" height=\"300\" \/><\/a><\/span><\/strong><\/p>\n<p>&nbsp;<\/p>\n<p><strong>Miroslav Vlk<\/strong><\/p>\n<p>mobil : 602793842<\/p>\n<p>e-mail : kancelar@lmcharon.cz<br \/>\ne-mail : kancelar@lmcharon.eu<\/p>\n<p>e-mail : miroslav.vlk@lmcharon.cz<br \/>\ne-mail : miroslav.vlk@lmcharon.eu<\/p>\n<p><a href=\"http:\/\/lmcharon.cz\/wp-content\/uploads\/2023\/11\/Mirek_2023.jpg\"><img loading=\"lazy\" decoding=\"async\" class=\"alignnone size-medium wp-image-1218\" src=\"http:\/\/lmcharon.cz\/wp-content\/uploads\/2023\/11\/Mirek_2023-300x300.jpg\" alt=\"\" width=\"300\" height=\"300\" srcset=\"http:\/\/lmcharon.cz\/wp-content\/uploads\/2023\/11\/Mirek_2023-300x300.jpg 300w, http:\/\/lmcharon.cz\/wp-content\/uploads\/2023\/11\/Mirek_2023-1024x1024.jpg 1024w, http:\/\/lmcharon.cz\/wp-content\/uploads\/2023\/11\/Mirek_2023-150x150.jpg 150w, http:\/\/lmcharon.cz\/wp-content\/uploads\/2023\/11\/Mirek_2023-768x768.jpg 768w, http:\/\/lmcharon.cz\/wp-content\/uploads\/2023\/11\/Mirek_2023-1536x1536.jpg 1536w, http:\/\/lmcharon.cz\/wp-content\/uploads\/2023\/11\/Mirek_2023.jpg 1940w\" sizes=\"auto, (max-width: 300px) 100vw, 300px\" \/><\/a><\/p>\n<p>&nbsp;<\/p>\n<p>&nbsp;<\/p>\n<p>&nbsp;<\/p>\n<p><strong><span style=\"font-size: medium;\"><strong>\u00a0<\/strong><\/span><\/strong><\/p>\n","protected":false},"excerpt":{"rendered":"<p>\u00a0 \u00a0 \u00a0 \u00a0jednatelka\u00a0\u00a0\u00a0\u00a0 \u00a0 Ing. Lenka Vlkov\u00e1 mobil : 607192345 e-mail : kancelar@lmcharon.cz e-mail : kancelar@lmcharon.eu e-mail : lenka.vlkova@lmcharon.cz e-mail : lenka.vlkova@lmcharon.eu &nbsp; \u00a0dal\u0161\u00ed kontakt &nbsp; Miroslav Vlk mobil : 602793842 e-mail : kancelar@lmcharon.cz e-mail : kancelar@lmcharon.eu e-mail : &hellip; <a href=\"http:\/\/lmcharon.cz\/?page_id=109\">Cel\u00fd p\u0159\u00edsp\u011bvek <span class=\"meta-nav\">&rarr;<\/span><\/a><\/p>\n","protected":false},"author":1,"featured_media":0,"parent":103,"menu_order":3,"comment_status":"closed","ping_status":"open","template":"","meta":{"footnotes":""},"class_list":["post-109","page","type-page","status-publish","hentry"],"_links":{"self":[{"href":"http:\/\/lmcharon.cz\/index.php?rest_route=\/wp\/v2\/pages\/109","targetHints":{"allow":["GET"]}}],"collection":[{"href":"http:\/\/lmcharon.cz\/index.php?rest_route=\/wp\/v2\/pages"}],"about":[{"href":"http:\/\/lmcharon.cz\/index.php?rest_route=\/wp\/v2\/types\/page"}],"author":[{"embeddable":true,"href":"http:\/\/lmcharon.cz\/index.php?rest_route=\/wp\/v2\/users\/1"}],"replies":[{"embeddable":true,"href":"http:\/\/lmcharon.cz\/index.php?rest_route=%2Fwp%2Fv2%2Fcomments&post=109"}],"version-history":[{"count":2,"href":"http:\/\/lmcharon.cz\/index.php?rest_route=\/wp\/v2\/pages\/109\/revisions"}],"predecessor-version":[{"id":1228,"href":"http:\/\/lmcharon.cz\/index.php?rest_route=\/wp\/v2\/pages\/109\/revisions\/1228"}],"up":[{"embeddable":true,"href":"http:\/\/lmcharon.cz\/index.php?rest_route=\/wp\/v2\/pages\/103"}],"wp:attachment":[{"href":"http:\/\/lmcharon.cz\/index.php?rest_route=%2Fwp%2Fv2%2Fmedia&parent=109"}],"curies":[{"name":"wp","href":"https:\/\/api.w.org\/{rel}","templated":true}]}}