{"id":711,"date":"2014-08-13T14:59:08","date_gmt":"2014-08-13T13:59:08","guid":{"rendered":"http:\/\/lmcharon.cz\/?page_id=711"},"modified":"2015-12-06T07:11:27","modified_gmt":"2015-12-06T06:11:27","slug":"zahranicni-cestak-2014","status":"publish","type":"page","link":"http:\/\/lmcharon.cz\/?page_id=711","title":{"rendered":"Zahrani\u010dn\u00ed ces\u0165\u00e1k \u00a7 170"},"content":{"rendered":"<p>\u00a7 170\u00a0 Zahrani\u010dn\u00ed stravn\u00e9<\/p>\n<p>(1) Zam\u011bstnanci p\u0159\u00edslu\u0161\u00ed p\u0159i zahrani\u010dn\u00ed pracovn\u00ed cest\u011b zahrani\u010dn\u00ed stravn\u00e9 v ciz\u00ed m\u011bn\u011b ve v\u00fd\u0161i a za podm\u00ednek d\u00e1le stanoven\u00fdch.<\/p>\n<p>(2) Sjedn\u00e1-li zam\u011bstnavatel nebo ur\u010d\u00ed p\u0159ed vysl\u00e1n\u00edm zam\u011bstnance na zahrani\u010dn\u00ed pracovn\u00ed cestu z\u00e1kladn\u00ed sazbu zahrani\u010dn\u00edho stravn\u00e9ho, mus\u00ed tato z\u00e1kladn\u00ed sazba \u010dinit v cel\u00fdch m\u011bnov\u00fdch jednotk\u00e1ch, s p\u0159ihl\u00e9dnut\u00edm k podm\u00ednk\u00e1m zahrani\u010dn\u00ed pracovn\u00ed cesty a zp\u016fsobu stravov\u00e1n\u00ed, nejm\u00e9n\u011b 75 % a u \u010dlen\u016f pos\u00e1dek plavidel vnitrozemsk\u00e9 plavby nejm\u00e9n\u011b 50 % z\u00e1kladn\u00ed sazby zahrani\u010dn\u00edho stravn\u00e9ho stanoven\u00e9 pro p\u0159\u00edslu\u0161n\u00fd st\u00e1t prov\u00e1d\u011bc\u00edm pr\u00e1vn\u00edm p\u0159edpisem vydan\u00fdm podle \u00a7 189. Jestli\u017ee zam\u011bstnavatel nepostupuje podle v\u011bty prvn\u00ed, ur\u010d\u00ed zam\u011bstnanci zahrani\u010dn\u00ed stravn\u00e9 z v\u00fd\u0161e z\u00e1kladn\u00ed sazby zahrani\u010dn\u00edho stravn\u00e9ho stanoven\u00e9 prov\u00e1d\u011bc\u00edm pr\u00e1vn\u00edm p\u0159edpisem vydan\u00fdm podle \u00a7 189. V\u00fd\u0161i zahrani\u010dn\u00edho stravn\u00e9ho ur\u010d\u00ed zam\u011bstnavatel ze z\u00e1kladn\u00ed sazby zahrani\u010dn\u00edho stravn\u00e9ho sjednan\u00e9 nebo stanoven\u00e9 pro st\u00e1t, ve kter\u00e9m zam\u011bstnanec str\u00e1v\u00ed v kalend\u00e1\u0159n\u00edm dni nejv\u00edce \u010dasu.<\/p>\n<p>(3) Zam\u011bstnanci p\u0159\u00edslu\u0161\u00ed zahrani\u010dn\u00ed stravn\u00e9 ve v\u00fd\u0161i z\u00e1kladn\u00ed sazby podle odstavce 2, jestli\u017ee doba str\u00e1ven\u00e1 mimo \u00fazem\u00ed \u010cesk\u00e9 republiky trv\u00e1 v kalend\u00e1\u0159n\u00edm dni <strong><span style=\"color: #ff0000;\">d\u00e9le ne\u017e 18 hodin<\/span><\/strong>. Trv\u00e1-li tato doba <span style=\"color: #0000ff;\"><strong>d\u00e9le ne\u017e 12 hodin, nejv\u00fd\u0161e v\u0161ak 18 hodin,<\/strong><\/span> poskytne zam\u011bstnavatel zam\u011bstnanci zahrani\u010dn\u00ed stravn\u00e9 <strong><span style=\"color: #0000ff;\">ve v\u00fd\u0161i dvou t\u0159etin<\/span><\/strong> t\u00e9to sazby zahrani\u010dn\u00edho stravn\u00e9ho, a <span style=\"color: #008000;\"><strong>ve v\u00fd\u0161i jedn\u00e9 t\u0159etiny<\/strong><\/span> t\u00e9to sazby zahrani\u010dn\u00edho stravn\u00e9ho, trv\u00e1-li doba str\u00e1ven\u00e1 mimo \u00fazem\u00ed \u010cesk\u00e9 republiky <strong><span style=\"color: #008000;\">6 hodin a m\u00e9n\u011b, av\u0161ak alespo\u0148 1 hodinu,<\/span><\/strong> nebo d\u00e9le ne\u017e 5 hodin, pokud zam\u011bstnanci vznikne za cestu na \u00fazem\u00ed \u010cesk\u00e9 republiky pr\u00e1vo na stravn\u00e9 podle \u00a7 163 nebo \u00a7 176. Trv\u00e1-li doba str\u00e1ven\u00e1 mimo \u00fazem\u00ed \u010cesk\u00e9 republiky m\u00e9n\u011b ne\u017e 1 hodinu, zahrani\u010dn\u00ed stravn\u00e9 se neposkytuje.<\/p>\n<p>(4) Doby str\u00e1ven\u00e9 mimo \u00fazem\u00ed \u010cesk\u00e9 republiky, kter\u00e9 trvaj\u00ed 1 hodinu a d\u00e9le p\u0159i v\u00edce zahrani\u010dn\u00edch pracovn\u00edch cest\u00e1ch v jednom kalend\u00e1\u0159n\u00edm dni, se pro \u00fa\u010dely zahrani\u010dn\u00edho stravn\u00e9ho s\u010d\u00edtaj\u00ed. Doby, za kter\u00e9 nevznikne zam\u011bstnanci pr\u00e1vo na zahrani\u010dn\u00ed stravn\u00e9, se p\u0159ipo\u010d\u00edt\u00e1vaj\u00ed k dob\u011b rozhodn\u00e9 pro poskytnut\u00ed stravn\u00e9ho podle \u00a7 163.<\/p>\n<p>(5) Bylo-li zam\u011bstnanci b\u011bhem zahrani\u010dn\u00ed pracovn\u00ed cesty poskytnuto bezplatn\u00e9 j\u00eddlo, p\u0159\u00edslu\u0161\u00ed zam\u011bstnanci zahrani\u010dn\u00ed stravn\u00e9 ve v\u00fd\u0161i z\u00e1kladn\u00ed sazby sn\u00ed\u017een\u00e9 za ka\u017ed\u00e9 bezplatn\u00e9 j\u00eddlo a\u017e o hodnotu<\/p>\n<p>a) 70 % zahrani\u010dn\u00edho stravn\u00e9ho, jde-li o zahrani\u010dn\u00ed stravn\u00e9 v t\u0159etinov\u00e9 v\u00fd\u0161i z\u00e1kladn\u00ed sazby,<\/p>\n<p>b) 35 % zahrani\u010dn\u00edho stravn\u00e9ho, jde-li o zahrani\u010dn\u00ed stravn\u00e9 ve dvout\u0159etinov\u00e9 v\u00fd\u0161i z\u00e1kladn\u00ed sazby,<\/p>\n<p>c) 25 % zahrani\u010dn\u00edho stravn\u00e9ho, jde-li o zahrani\u010dn\u00ed stravn\u00e9 ve v\u00fd\u0161i z\u00e1kladn\u00ed sazby.<\/p>\n<p>Nesjedn\u00e1-li zam\u011bstnavatel ni\u017e\u0161\u00ed hodnotu sn\u00ed\u017een\u00ed zahrani\u010dn\u00edho stravn\u00e9ho, nebo ji neur\u010d\u00ed p\u0159ed vysl\u00e1n\u00edm zam\u011bstnance na zahrani\u010dn\u00ed pracovn\u00ed cestu, p\u0159\u00edslu\u0161\u00ed zam\u011bstnanci zahrani\u010dn\u00ed stravn\u00e9 sn\u00ed\u017een\u00e9 o nejvy\u0161\u0161\u00ed hodnotu stanovenou ve v\u011bt\u011b prvn\u00ed.<\/p>\n<p>(6) Po dobu n\u00e1v\u0161t\u011bvy \u010dlena rodiny nebo po dobu dohodnut\u00e9ho p\u0159eru\u0161en\u00ed zahrani\u010dn\u00ed pracovn\u00ed cesty z d\u016fvod\u016f na stran\u011b zam\u011bstnance zahrani\u010dn\u00ed stravn\u00e9 zam\u011bstnanci nep\u0159\u00edslu\u0161\u00ed. Doba rozhodn\u00e1 pro pr\u00e1vo na zahrani\u010dn\u00ed stravn\u00e9 p\u0159ed n\u00e1v\u0161t\u011bvou \u010dlena rodiny nebo dohodnut\u00fdm p\u0159eru\u0161en\u00edm zahrani\u010dn\u00ed pracovn\u00ed cesty z d\u016fvodu na stran\u011b zam\u011bstnance kon\u010d\u00ed ukon\u010den\u00edm v\u00fdkonu pr\u00e1ce, nebo jin\u00fdm p\u0159edem dohodnut\u00fdm zp\u016fsobem, a po n\u00e1v\u0161t\u011bv\u011b \u010dlena rodiny nebo p\u0159eru\u0161en\u00ed zahrani\u010dn\u00ed pracovn\u00ed cesty z d\u016fvod\u016f na stran\u011b zam\u011bstnance za\u010d\u00edn\u00e1 sou\u010dasn\u011b se za\u010d\u00e1tkem v\u00fdkonu pr\u00e1ce, nebo jin\u00fdm p\u0159edem dohodnut\u00fdm zp\u016fsobem.<\/p>\n<p>(7) Je-li zam\u011bstnanec vysl\u00e1n na zahrani\u010dn\u00ed pracovn\u00ed cestu do sv\u00e9ho bydli\u0161t\u011b, p\u0159\u00edslu\u0161\u00ed mu stravn\u00e9 a zahrani\u010dn\u00ed stravn\u00e9 pouze za cestu do bydli\u0161t\u011b a zp\u011bt, za cesty k v\u00fdkonu pr\u00e1ce a zp\u011bt a za dobu v\u00fdkonu pr\u00e1ce v tomto m\u00edst\u011b.<\/p>\n<p>(8) D\u016fvody pro neposkytnut\u00ed zahrani\u010dn\u00edho stravn\u00e9ho stanoven\u00e9 v odstavc\u00edch 6 a 7 je zak\u00e1z\u00e1no roz\u0161i\u0159ovat.<\/p>\n<p>&nbsp;<\/p>\n<p>\u00a7 180<\/p>\n<p>Zam\u011bstnavatel m\u016f\u017ee zam\u011bstnanci poskytnout <strong><span style=\"color: #800000;\">kapesn\u00e9 do v\u00fd\u0161e 40 %<\/span><\/strong> zahrani\u010dn\u00edho stravn\u00e9ho poskytnut\u00e9ho zam\u011bstnanci podle \u00a7 170 odst. 3 a \u00a7 179.<\/p>\n","protected":false},"excerpt":{"rendered":"<p>\u00a7 170\u00a0 Zahrani\u010dn\u00ed stravn\u00e9 (1) Zam\u011bstnanci p\u0159\u00edslu\u0161\u00ed p\u0159i zahrani\u010dn\u00ed pracovn\u00ed cest\u011b zahrani\u010dn\u00ed stravn\u00e9 v ciz\u00ed m\u011bn\u011b ve v\u00fd\u0161i a za podm\u00ednek d\u00e1le stanoven\u00fdch. (2) Sjedn\u00e1-li zam\u011bstnavatel nebo ur\u010d\u00ed p\u0159ed vysl\u00e1n\u00edm zam\u011bstnance na zahrani\u010dn\u00ed pracovn\u00ed cestu z\u00e1kladn\u00ed sazbu zahrani\u010dn\u00edho stravn\u00e9ho, mus\u00ed &hellip; <a href=\"http:\/\/lmcharon.cz\/?page_id=711\">Cel\u00fd p\u0159\u00edsp\u011bvek <span class=\"meta-nav\">&rarr;<\/span><\/a><\/p>\n","protected":false},"author":1,"featured_media":0,"parent":125,"menu_order":5,"comment_status":"closed","ping_status":"closed","template":"","meta":{"footnotes":""},"class_list":["post-711","page","type-page","status-publish","hentry"],"_links":{"self":[{"href":"http:\/\/lmcharon.cz\/index.php?rest_route=\/wp\/v2\/pages\/711","targetHints":{"allow":["GET"]}}],"collection":[{"href":"http:\/\/lmcharon.cz\/index.php?rest_route=\/wp\/v2\/pages"}],"about":[{"href":"http:\/\/lmcharon.cz\/index.php?rest_route=\/wp\/v2\/types\/page"}],"author":[{"embeddable":true,"href":"http:\/\/lmcharon.cz\/index.php?rest_route=\/wp\/v2\/users\/1"}],"replies":[{"embeddable":true,"href":"http:\/\/lmcharon.cz\/index.php?rest_route=%2Fwp%2Fv2%2Fcomments&post=711"}],"version-history":[{"count":2,"href":"http:\/\/lmcharon.cz\/index.php?rest_route=\/wp\/v2\/pages\/711\/revisions"}],"predecessor-version":[{"id":799,"href":"http:\/\/lmcharon.cz\/index.php?rest_route=\/wp\/v2\/pages\/711\/revisions\/799"}],"up":[{"embeddable":true,"href":"http:\/\/lmcharon.cz\/index.php?rest_route=\/wp\/v2\/pages\/125"}],"wp:attachment":[{"href":"http:\/\/lmcharon.cz\/index.php?rest_route=%2Fwp%2Fv2%2Fmedia&parent=711"}],"curies":[{"name":"wp","href":"https:\/\/api.w.org\/{rel}","templated":true}]}}