{"id":571,"date":"2013-12-25T12:50:17","date_gmt":"2013-12-25T12:50:17","guid":{"rendered":"http:\/\/www.lmcharon.cz\/?page_id=571"},"modified":"2024-05-24T09:42:15","modified_gmt":"2024-05-24T08:42:15","slug":"tiskopisy-zamestnanci","status":"publish","type":"page","link":"https:\/\/lmcharon.cz\/?page_id=571","title":{"rendered":"Tiskopisy zam\u011bstnanci"},"content":{"rendered":"<p><a href=\"http:\/\/lmcharon.cz\/wp-content\/uploads\/2018\/02\/ZaklUdajeZam_2018.zip\"><strong>Z\u00e1kladn\u00ed \u00fadaje zam\u011bstnance<\/strong><\/a><\/p>\n<p><strong><a href=\"http:\/\/lmcharon.cz\/wp-content\/uploads\/2024\/05\/5457_27.zip\" target=\"_blank\" rel=\"noopener noreferrer\">Prohl\u00e1\u0161en\u00ed zam\u011bstnance vzor 27<\/a><\/strong><\/p>\n<p><strong><a title=\"P O T V R Z E N \u00cd zam\u011bstnavatele druh\u00e9ho z poplatn\u00edk\u016f pro uplatn\u011bn\u00ed n\u00e1roku na da\u0148ov\u00e9 zv\u00fdhodn\u011bn\u00ed\" href=\"http:\/\/lmcharon.cz\/wp-content\/uploads\/2015\/01\/5556_1.pdf\" target=\"_blank\" rel=\"noopener noreferrer\">P O T V R Z E N \u00cd zam\u011bstnavatele druh\u00e9ho z poplatn\u00edk\u016f pro uplatn\u011bn\u00ed n\u00e1roku na da\u0148ov\u00e9 zv\u00fdhodn\u011bn\u00ed<\/a><\/strong><\/p>\n<p><a title=\"Pracovn\u00ed \u0159\u00e1d\" href=\"http:\/\/lmcharon.cz\/wp-content\/uploads\/2014\/05\/PracovniRad.zip\" target=\"_blank\" rel=\"noopener noreferrer\"><strong>Pracovn\u00ed \u0159\u00e1d<\/strong><\/a><\/p>\n<p><a title=\"Dohoda o proveden\u00ed pr\u00e1ce\" href=\"http:\/\/lmcharon.cz\/wp-content\/uploads\/2014\/05\/DoPP_300_hod.zip\" target=\"_blank\" rel=\"noopener noreferrer\"><strong>Dohoda o proveden\u00ed pr\u00e1ce<\/strong><\/a><\/p>\n<p><a title=\"Pracovn\u00ed smlouva\" href=\"http:\/\/lmcharon.cz\/wp-content\/uploads\/2015\/01\/Pracovni_smlouva_2015.zip\" target=\"_blank\" rel=\"noopener noreferrer\"><strong>Pracovn\u00ed smlouva<\/strong><\/a><\/p>\n<p><a title=\"Mzdov\u00fd v\u00fdm\u011br\" href=\"http:\/\/lmcharon.cz\/wp-content\/uploads\/2014\/12\/Mzdovy_vymer_2015_vzor.zip\" target=\"_blank\" rel=\"noopener noreferrer\"><strong>Mzdov\u00fd v\u00fdm\u011br<\/strong><\/a><\/p>\n<p><a href=\"https:\/\/www.podnikatel.cz\/clanky\/vyplnujeme-novy-vzor-prohlaseni-k-dani-pro-rok-2018\/\" target=\"_blank\" rel=\"noopener noreferrer\">Odkaz na n\u00e1vod na vypln\u011bn\u00ed prohl\u00e1\u0161en\u00ed zam\u011bstnance vzor 26<\/a><\/p>\n<p><a href=\"http:\/\/lmcharon.cz\/wp-content\/uploads\/2020\/04\/Vykaz_pece_o_dite.zip\" target=\"_blank\" rel=\"noopener noreferrer\">V\u00fdkaz p\u00e9\u010de o d\u00edt\u011b<\/a><\/p>\n","protected":false},"excerpt":{"rendered":"<p>Z\u00e1kladn\u00ed \u00fadaje zam\u011bstnance Prohl\u00e1\u0161en\u00ed zam\u011bstnance vzor 27 P O T V R Z E N \u00cd zam\u011bstnavatele druh\u00e9ho z poplatn\u00edk\u016f pro uplatn\u011bn\u00ed n\u00e1roku na da\u0148ov\u00e9 zv\u00fdhodn\u011bn\u00ed Pracovn\u00ed \u0159\u00e1d Dohoda o proveden\u00ed pr\u00e1ce Pracovn\u00ed smlouva Mzdov\u00fd v\u00fdm\u011br Odkaz na n\u00e1vod na &hellip; <a href=\"https:\/\/lmcharon.cz\/?page_id=571\">Cel\u00fd p\u0159\u00edsp\u011bvek <span class=\"meta-nav\">&rarr;<\/span><\/a><\/p>\n","protected":false},"author":1,"featured_media":0,"parent":152,"menu_order":4,"comment_status":"closed","ping_status":"open","template":"","meta":{"footnotes":""},"class_list":["post-571","page","type-page","status-publish","hentry"],"_links":{"self":[{"href":"https:\/\/lmcharon.cz\/index.php?rest_route=\/wp\/v2\/pages\/571","targetHints":{"allow":["GET"]}}],"collection":[{"href":"https:\/\/lmcharon.cz\/index.php?rest_route=\/wp\/v2\/pages"}],"about":[{"href":"https:\/\/lmcharon.cz\/index.php?rest_route=\/wp\/v2\/types\/page"}],"author":[{"embeddable":true,"href":"https:\/\/lmcharon.cz\/index.php?rest_route=\/wp\/v2\/users\/1"}],"replies":[{"embeddable":true,"href":"https:\/\/lmcharon.cz\/index.php?rest_route=%2Fwp%2Fv2%2Fcomments&post=571"}],"version-history":[{"count":22,"href":"https:\/\/lmcharon.cz\/index.php?rest_route=\/wp\/v2\/pages\/571\/revisions"}],"predecessor-version":[{"id":1267,"href":"https:\/\/lmcharon.cz\/index.php?rest_route=\/wp\/v2\/pages\/571\/revisions\/1267"}],"up":[{"embeddable":true,"href":"https:\/\/lmcharon.cz\/index.php?rest_route=\/wp\/v2\/pages\/152"}],"wp:attachment":[{"href":"https:\/\/lmcharon.cz\/index.php?rest_route=%2Fwp%2Fv2%2Fmedia&parent=571"}],"curies":[{"name":"wp","href":"https:\/\/api.w.org\/{rel}","templated":true}]}}