{"id":69,"date":"2011-06-22T13:25:48","date_gmt":"2011-06-22T13:25:48","guid":{"rendered":"http:\/\/www.lmcharon.cz\/?page_id=69"},"modified":"2011-06-22T13:25:48","modified_gmt":"2011-06-22T13:25:48","slug":"placeni","status":"publish","type":"page","link":"https:\/\/lmcharon.cz\/?page_id=69","title":{"rendered":"Jak a co platit"},"content":{"rendered":"<h3><span style=\"color: #0000ff;\"><strong>Placen\u00ed\u00a0\u00fa\u0159ad\u016fm je v\u017edy nep\u0159\u00edjemn\u00e1 v\u011bc, proto je d\u016fle\u017eit\u00e9 spr\u00e1vn\u011b zaplatit.<\/strong><\/span><\/h3>\n<h2><\/h2>\n","protected":false},"excerpt":{"rendered":"<p>Placen\u00ed\u00a0\u00fa\u0159ad\u016fm je v\u017edy nep\u0159\u00edjemn\u00e1 v\u011bc, proto je d\u016fle\u017eit\u00e9 spr\u00e1vn\u011b zaplatit.<\/p>\n","protected":false},"author":1,"featured_media":0,"parent":0,"menu_order":2,"comment_status":"closed","ping_status":"open","template":"","meta":{"footnotes":""},"class_list":["post-69","page","type-page","status-publish","hentry"],"_links":{"self":[{"href":"https:\/\/lmcharon.cz\/index.php?rest_route=\/wp\/v2\/pages\/69","targetHints":{"allow":["GET"]}}],"collection":[{"href":"https:\/\/lmcharon.cz\/index.php?rest_route=\/wp\/v2\/pages"}],"about":[{"href":"https:\/\/lmcharon.cz\/index.php?rest_route=\/wp\/v2\/types\/page"}],"author":[{"embeddable":true,"href":"https:\/\/lmcharon.cz\/index.php?rest_route=\/wp\/v2\/users\/1"}],"replies":[{"embeddable":true,"href":"https:\/\/lmcharon.cz\/index.php?rest_route=%2Fwp%2Fv2%2Fcomments&post=69"}],"version-history":[{"count":0,"href":"https:\/\/lmcharon.cz\/index.php?rest_route=\/wp\/v2\/pages\/69\/revisions"}],"wp:attachment":[{"href":"https:\/\/lmcharon.cz\/index.php?rest_route=%2Fwp%2Fv2%2Fmedia&parent=69"}],"curies":[{"name":"wp","href":"https:\/\/api.w.org\/{rel}","templated":true}]}}