{"id":860,"date":"2015-11-22T08:46:09","date_gmt":"2015-11-22T07:46:09","guid":{"rendered":"http:\/\/lmcharon.cz\/?page_id=860"},"modified":"2015-11-22T08:47:13","modified_gmt":"2015-11-22T07:47:13","slug":"vyuctovani-zahranicni-cesty","status":"publish","type":"page","link":"https:\/\/lmcharon.cz\/?page_id=860","title":{"rendered":"Vy\u00fa\u010dtov\u00e1n\u00ed zahrani\u010dn\u00ed cesty"},"content":{"rendered":"<p><a href=\"http:\/\/lmcharon.cz\/wp-content\/uploads\/2015\/11\/Cestak_zahranici.zip\" target=\"_blank\">Vzor v Excelu zde<\/a><\/p>\n<p><a href=\"http:\/\/lmcharon.cz\/wp-content\/uploads\/2015\/11\/Cestak_2015-1.jpg\" target=\"_blank\"><img loading=\"lazy\" decoding=\"async\" class=\"alignnone wp-image-858 size-large\" src=\"http:\/\/lmcharon.cz\/wp-content\/uploads\/2015\/11\/Cestak_2015-1-1024x934.jpg\" alt=\"Vzor vy\u00fa\u010dtov\u00e1n\u00ed zahrani\u010dn\u00ed cesty\" width=\"640\" height=\"584\" srcset=\"https:\/\/lmcharon.cz\/wp-content\/uploads\/2015\/11\/Cestak_2015-1-1024x934.jpg 1024w, https:\/\/lmcharon.cz\/wp-content\/uploads\/2015\/11\/Cestak_2015-1-300x274.jpg 300w, https:\/\/lmcharon.cz\/wp-content\/uploads\/2015\/11\/Cestak_2015-1.jpg 1200w\" sizes=\"auto, (max-width: 640px) 100vw, 640px\" \/><\/a><\/p>\n<p>&nbsp;<\/p>\n","protected":false},"excerpt":{"rendered":"<p>Vzor v Excelu zde &nbsp;<\/p>\n","protected":false},"author":1,"featured_media":0,"parent":125,"menu_order":10,"comment_status":"closed","ping_status":"closed","template":"","meta":{"footnotes":""},"class_list":["post-860","page","type-page","status-publish","hentry"],"_links":{"self":[{"href":"https:\/\/lmcharon.cz\/index.php?rest_route=\/wp\/v2\/pages\/860","targetHints":{"allow":["GET"]}}],"collection":[{"href":"https:\/\/lmcharon.cz\/index.php?rest_route=\/wp\/v2\/pages"}],"about":[{"href":"https:\/\/lmcharon.cz\/index.php?rest_route=\/wp\/v2\/types\/page"}],"author":[{"embeddable":true,"href":"https:\/\/lmcharon.cz\/index.php?rest_route=\/wp\/v2\/users\/1"}],"replies":[{"embeddable":true,"href":"https:\/\/lmcharon.cz\/index.php?rest_route=%2Fwp%2Fv2%2Fcomments&post=860"}],"version-history":[{"count":2,"href":"https:\/\/lmcharon.cz\/index.php?rest_route=\/wp\/v2\/pages\/860\/revisions"}],"predecessor-version":[{"id":862,"href":"https:\/\/lmcharon.cz\/index.php?rest_route=\/wp\/v2\/pages\/860\/revisions\/862"}],"up":[{"embeddable":true,"href":"https:\/\/lmcharon.cz\/index.php?rest_route=\/wp\/v2\/pages\/125"}],"wp:attachment":[{"href":"https:\/\/lmcharon.cz\/index.php?rest_route=%2Fwp%2Fv2%2Fmedia&parent=860"}],"curies":[{"name":"wp","href":"https:\/\/api.w.org\/{rel}","templated":true}]}}